 36 = -4*a. What is the units digit of r?
4
Let a(o) = -o**2 - 8*o + 10. What is the units digit of a(-9)?
1
Let b(p) = -3*p - 3*p**2 + 2*p + 2*p**2 + 19. What is the units digit of b(0)?
9
Let x be (4/(-5))/((-2)/10). Suppose p = -0*p - f + 12, 62 = 5*p + x*f. What is the tens digit of p?
1
Suppose 4*m = -0*m - 76. Let w = 31 + m. What is the tens digit of w?
1
Let j(g) = 4*g + 9. Let v be j(-4). What is the units digit of 1*v/(7/(-8))?
8
Suppose 4*i - 2*b = 82, -3*b - 79 = -4*i - 0*i. Suppose 5*o - i = 43. What is the tens digit of o?
1
Suppose -w + 0*w - 4*u + 78 = 0, 169 = 2*w - 5*u. What is the tens digit of w?
8
Let f(h) be the first derivative of -h**3/3 + h**2/2 - 3*h - 1. Let o be f(3). What is the units digit of o/(-12) - (-1)/4?
1
Suppose -3*z - 32 + 80 = -4*d, 4*z - 3*d - 64 = 0. Suppose -z = 4*a - 40. What is the units digit of 20/a*3/2?
5
Let q(u) be the first derivative of -u**3/3 - 3*u**2 + 2*u + 2. What is the units digit of q(-5)?
7
What is the units digit of (-42)/(-18) - (-2)/(-6)?
2
Suppose -5*x + 44 + 152 = 4*j, 4*j - 196 = 4*x. Let n = 16 + -48. Let i = j + n. What is the units digit of i?
7
Suppose 0 = -3*w - 2*w + 15. Suppose -w*q = q. Suppose -4*b + 4*a - 2*a + 30 = q, 12 = -4*a. What is the units digit of b?
6
Suppose -8 = -u - 0. Suppose -6*c - u = -2*c. Let d = 6 + c. What is the units digit of d?
4
Let c = -16 - -35. Suppose 0 = -k - 0 + 13. Let a = c - k. What is the units digit of a?
6
Let c = 36 - 3. What is the tens digit of c?
3
Suppose 4*h - 49 = -3*p, 0*h + 53 = 5*h + p. Suppose h = x + 4*x. Suppose -3*q + 28 + 3 = 2*z, 3*z = x*q + 14. What is the units digit of z?
8
Let k = 27 - 16. Let x = k + -7. What is the tens digit of 135/12 + 3/x?
1
Suppose 4*o - 20 - 12 = 0. Suppose 0 = 2*g - o - 0. What is the units digit of g?
4
Suppose -a + 2*t - 4 = -0, -a - 13 = -5*t. Let w = a - 0. Suppose -5*m - w*i + 32 = -0*m, -2*m + 4*i + 32 = 0. What is the units digit of m?
8
Suppose 0 = -j - 0*j - 3*n - 15, 0 = -5*j - 3*n - 39. Let r = 4 - j. What is the units digit of r?
0
Let w(v) = 2*v**3 - 6*v**2 + 5*v - 4. What is the units digit of w(4)?
8
Let d = -180 - -449. What is the tens digit of d?
6
Let p(i) = -i**2 - 7*i + 8. Let j be p(-8). Suppose j = -r + u + 7, -3 = 4*r - r + 5*u. Let n = -2 + r. What is the units digit of n?
2
Suppose 5*b - 8 = 3*m + 3, -12 = -4*m. Suppose b - 8 = -2*w. What is the units digit of w?
2
Let f be (4/(-10))/(10/(-950)). Suppose -2*r + 128 = f. What is the units digit of r?
5
Let g be 4/(-10)*10/(-2). Suppose 2 = x - 5*o, -5*x = o - 133 - 7. Suppose -4*s = 3*p - g*s - x, -3*s = -4*p + 36. What is the units digit of p?
9
Let q(b) = -b + 17. Suppose 0*c = 3*c. What is the units digit of q(c)?
7
Let c(p) = 5*p**2 - 28*p - 39. Let f(n) = 3*n**2 - 19*n - 26. Let v(u) = 5*c(u) - 8*f(u). What is the units digit of v(-12)?
3
Suppose 3*z = i + 249, -3*i = 3*z - 2*i - 243. What is the units digit of z?
2
Let r = 30 - 7. What is the tens digit of r?
2
Let b = -23 - -44. What is the tens digit of b?
2
Let b = 49 + -25. What is the units digit of b?
4
Suppose 3*b = -w + 31, -2*b = -7*b - 5. Let o = 19 - w. What is the units digit of (-4)/(-14) - o/21?
1
Let i(w) = w + 4. Let b(q) = q + 9. Let s be b(-9). Let a(t) = -t**2 - t + 4. Let l be a(s). What is the units digit of i(l)?
8
Suppose 3*t = 16 + 8. Let s(q) = -q + 8. Let l be s(t). Suppose -8*b + 3*b + 20 = l. What is the units digit of b?
4
What is the tens digit of (0 - 1) + (48 - (-1)/1)?
4
Let i = 110 + -64. Suppose 2 - i = -4*d. Let h = d - -1. What is the tens digit of h?
1
Suppose -5*h + 16 = -h - 4*k, -5*h + 4*k + 22 = 0. What is the tens digit of 26/39*5*h?
2
Let x(n) = -3*n. Let j be x(1). Let s(q) = 3*q + 3. Let i be s(j). What is the units digit of ((-16)/i)/(2/6)?
8
Let z(c) = -2*c + 5. Let k be z(4). What is the units digit of (-2 - 5)/(k - -2)?
7
Suppose 3*n - 391 = -l - 0*n, -3*n = -4*l + 1549. What is the units digit of l?
8
Let s(h) = 3*h - 2. Let c be s(3). Suppose -3*y = -7 - 2, -f + 5*y = -c. Suppose 4 - f = -i. What is the units digit of i?
8
Let h be (-1 + 0)/((-2)/4). Let k(b) = -3*b + 3*b - h*b - 7. What is the units digit of k(-5)?
3
What is the tens digit of (-33792)/(-110) - (-2)/20*-2?
0
Let i = -74 + 93. What is the tens digit of i?
1
Let v(a) = -a**3 + 5*a**2 - 5*a + 3. Let k be v(4). Let t be (1 - 2)*0/k. What is the units digit of 15 - 3/3 - t?
4
Let p be (-1)/(1 + -2) - -1. Suppose -p*g + 2 = 5*y - 16, 5 = y - g. What is the units digit of -3*(-2 - y/(-6))?
4
Suppose 2*j - 2*m = -5*m + 6, -2*m = -3*j + 35. Suppose g + 2*g = j. Suppose 4 = 4*n, -3*n = -g*u - 0*u + 6. What is the units digit of u?
3
What is the units digit of (-50)/(-8) - 1/4?
6
Suppose -b + 5 = -0*b. Let k = -18 + 60. Suppose -k = -4*y - 2*f, 0 = -5*y + b*f - f + 46. What is the units digit of y?
0
Suppose 5*m = 4*v + 71, -5*m - v = 4*v - 80. What is the units digit of 57/m - (-1)/5?
4
Let d(r) = -r**2 + 13*r. What is the units digit of d(5)?
0
Suppose 64 = 5*s - 41. What is the units digit of s?
1
Let z be 8/(5/3 + -1). Suppose -3*a - 2*a + 20 = 0, 4*r - 3*a = -z. Suppose r*g - 48 = -3*g. What is the tens digit of g?
1
Let d(s) be the second derivative of s**3/2 - 2*s. Let w be d(6). Suppose -4*p = -3*p + 2, -2*r + w = -2*p. What is the units digit of r?
7
Let n(o) = 141*o. What is the units digit of n(1)?
1
What is the hundreds digit of (-3 + 1)/((-13)/663)?
1
Let y(p) = -p**3 - 8*p**2 - 3*p - 5. What is the tens digit of y(-8)?
1
Suppose -3*d + 4*d = -5. What is the tens digit of (d/(15/(-69)))/1?
2
Let z = 3 - -230. What is the hundreds digit of z?
2
Let p be (-16)/(-12)*(-1 - -4). Suppose -4*v + 3 = -5, -4*v - p = -4*w. Let a = w - 2. What is the units digit of a?
1
Let c(n) = n - 1. Let y be c(-1). Let a(b) = -b**3 - 3*b**2 - 3*b. Let d be a(y). Suppose -d*f = 2*f - 36. What is the units digit of f?
9
Let b(v) = 40*v**3 + 2*v**2 - v + 3. What is the tens digit of b(2)?
2
Let f = 1 - 3. Let m(b) = 12*b - 1. Let v(d) = -11*d + 1. Let p(j) = 4*m(j) + 5*v(j). What is the tens digit of p(f)?
1
Let m(j) = -j - 2. Let r be m(6). Let k = 8 + r. Suppose 3*t + z - 7 = 22, 5*z - 25 = k. What is the units digit of t?
8
Suppose -5*t + 61 + 69 = 0. Suppose t = 5*g - 4*r, -2*r - 20 = -4*g + 2*r. What is the units digit of g?
6
Suppose -6*g = -5*k - 3*g + 346, 0 = -3*g - 6. What is the units digit of k?
8
Let x(u) = 8*u**2 - 2*u - 6. What is the tens digit of x(-4)?
3
Suppose -y = -3*m + 20, 0 = m + 3*y + y - 11. Let b = 4 - m. What is the units digit of (-14)/b - (-1)/3?
5
Let s(c) = c + 8. Let y be s(-6). What is the units digit of (3/y)/((-15)/(-80))?
8
Let f(n) = 2*n**2 - 7*n + 7. What is the units digit of f(8)?
9
Let i(r) = r**3 + 7*r**2 - 4*r - 9. What is the units digit of i(-7)?
9
Let p(m) = -m**3 + 5*m**2 - m. Let w be 140/25 - 2/(-5). Let v be p(w). What is the units digit of 72/7 + 12/v?
0
Let v be (4/(-6))/((-1)/6). Suppose -3*q + v*b = -q - 16, 4*q - b - 32 = 0. What is the units digit of q?
8
What is the tens digit of 4/(10 + -6) - 1*-60?
6
Suppose 3*j - 8 = -4*l, 5*l - 2*l = -2*j + 6. Let s be (-14)/(-2)*(-5 + 4). Let p = j - s. What is the units digit of p?
7
Let h = -217 + 332. What is the hundreds digit of h?
1
Let b(o) = -2*o**3 - o**2 + 3*o + 4. What is the tens digit of b(-3)?
4
Let u be (-1 - 2)*(-4)/6. Suppose 3*x = k - 23, x - u - 17 = -k. Suppose 2*j = -0*v - 2*v + 12, -k = -4*v. What is the units digit of j?
1
Let a(x) = 10*x**2 - 23*x + 14. Let u(s) = 3*s**2 - 8*s + 5. Let j(y) = -2*a(y) + 7*u(y). What is the tens digit of j(12)?
3
Let w(o) = -o**2 - o. Let z be w(0). What is the units digit of (z - -2) + 5/1?
7
Let a = -3 + 23. Suppose a - 4 = 2*c. What is the units digit of c?
8
Let t = -50 + 17. Let g = -16 - t. What is the tens digit of g?
1
Let b(h) = h**2 + h + 2. Let l(g) = g**3 - 5*g**2 + g - 7. Let v be l(5). Let t be b(v). Suppose -j = 5*p + 16, -p = t*j + 3*p. What is the units digit of j?
4
Suppose 18*j - 1386 = 12*j. What is the tens digit of j?
3
Let k = 9 - 2. What is the units digit of (-279)/(-21) + (-2)/k?
3
Suppose 40 = 3*p - 8. What is the units digit of -2*(-2)/(p/148)?
7
Let z(r) = -r**3 + 4*r**2 + 4*r + 6. What is the units digit of z(5)?
1
Let u = -6 - -3. Let b be (-8)/24 + (-7)/u. Suppose -b + 0 = -x 